base 7
-1560
What is -126623 (base 8) in base 7?
-243356
What is 1500477 (base 9) in base 11?
515441
8142288 (base 9) to base 2
10000100011001101011001
552814 (base 9) to base 2
1010000100110111001
What is -6454361 (base 7) in base 4?
-3000010001
Convert 110010011000001001 (base 2) to base 8.
623011
What is 4322031 (base 5) in base 2?
10001111010101111
What is -353105 (base 10) in base 2?
-1010110001101010001
Convert -57305 (base 8) to base 7.
-130506
What is 512622 (base 8) in base 12?
82016
What is -7234531 (base 9) in base 4?
-32232223201
-11300453 (base 6) to base 12
-14a729
Convert 101110000110010001110010 (base 2) to base 15.
10da828
Convert -10010100110101010100 (base 2) to base 9.
-1128215
1421003 (base 6) to base 4
103222323
4328e (base 15) to base 16
340d9
Convert -102032202 (base 4) to base 3.
-10210102010
3222211 (base 5) to base 3
2210000020
124333103 (base 5) to base 2
10010111100111100100
Convert 2761460 (base 9) to base 11.
946577
What is 740702 (base 13) in base 6?
134103012
What is -7751100 (base 9) in base 8?
-17712605
7951360 (base 10) to base 12
27b5594
Convert -7a83 (base 15) to base 6.
-320210
Convert -e7ebb (base 15) to base 5.
-142020301
Convert 1565463 (base 7) to base 16.
353be
Convert 802a89 (base 12) to base 5.
1002330112
What is -27745 (base 12) in base 11?
-38053
-10100010111001011 (base 2) to base 5
-10132103
Convert -2020110201201 (base 3) to base 11.
-743295
-2111200 (base 5) to base 14
-cb67
What is -2e87d (base 16) in base 5?
-22044324
What is -2120030310 (base 4) in base 11?
-396419
Convert -29a07c (base 13) to base 10.
-1021708
What is -322a38 (base 12) in base 15?
-109e08
1131201 (base 4) to base 9
8180
Convert -441240 (base 5) to base 6.
-154203
20bcc3 (base 15) to base 11
975133
1202110212002 (base 3) to base 6
32010132
What is 5d9d (base 16) in base 14?
8a3b
1123422320 (base 5) to base 11
149a0a6
What is -2021351 (base 7) in base 14?
-63998
Convert c7bb (base 13) to base 8.
66065
What is -2047004 (base 9) in base 11?
-688128
-11111111010101101 (base 2) to base 4
-133322231
-270357 (base 11) to base 4
-1213300312
What is -65008 (base 9) in base 5?
-2334034
What is -22325041 (base 9) in base 3?
-202100212001101
What is 5162 (base 13) in base 4?
2233202
Convert -3563ba8 (base 12) to base 3.
-201102222210102
What is 248c14 (base 13) in base 16?
d5fa3
174968 (base 14) to base 8
3100560
What is 22342430 (base 5) in base 13?
6cbb8
-45268 (base 13) to base 2
-11110101011010101
What is e09e (base 15) in base 11?
32680
Convert -342230022 (base 6) to base 16.
-5fb17e
Convert -12070479 (base 10) to base 5.
-11042223404
Convert -11310303 (base 4) to base 6.
-302243
20a2639 (base 11) to base 16
3859a2
3333033 (base 4) to base 2
11111111001111
-243e6 (base 16) to base 4
-210033212
-554772 (base 8) to base 9
-314307
-1122101110210 (base 3) to base 6
-30420503
What is -130013002 (base 5) in base 8?
-2306522
What is -26156 (base 11) in base 4?
-21021022
Convert -53084 (base 13) to base 10.
-149504
What is -338443 (base 10) in base 9?
-565227
Convert 121222121002 (base 4) to base 15.
8cd3c4
1547294 (base 10) to base 9
2817435
Convert -4978964 (base 11) to base 5.
-4203244442
Convert -10641066 (base 7) to base 12.
-390890
What is 1102201120101 (base 3) in base 13?
208c24
74120 (base 9) to base 12
243a6
Convert 246444 (base 7) to base 3.
2022102100
What is 3220131113 (base 4) in base 13?
274505
Convert 2133013221 (base 4) to base 9.
1203030
-54299 (base 14) to base 3
-101100021010
Convert -106012516 (base 7) to base 2.
-11000101100100100111000
What is -1023231230 (base 4) in base 2?
-1001011101101101100
-1842b46 (base 12) to base 9
-10468380
What is -1120221112212 (base 3) in base 8?
-3163000
Convert 22102030233 (base 4) to base 7.
31626003
What is -b24201 (base 13) in base 10?
-4150472
Convert 46837 (base 12) to base 11.
65006
What is -1302132 (base 10) in base 14?
-25c776
Convert 4266d (base 16) to base 13.
96a48
6463252 (base 7) to base 16
c08d4
What is b6b57 (base 14) in base 12?
193449
Convert 24e893 (base 15) to base 9.
3287523
Convert 100001011011010011111100 (base 2) to base 13.
1a7a5a9
Convert -1658a6 (base 11) to base 6.
-5300044
What is -146da9 (base 14) in base 9?
-1302740
309899 (base 10) to base 9
522082
170856 (base 10) to base 12
82a60
What is 955047 (base 10) in base 3?
1210112002010
4145400 (base 7) to base 14
cdb70
-c5861 (base 13) to base 16
-56b4c
What is 724310 (base 9) in base 6?
13113013
-1110100101111000101 (base 2) to base 13
-139839
Convert -23120402 (base 6) to base 2.
-10101101011011010010
Convert -3011413044 (base 5) to base 3.
-102020010201000
36a286 (base 14) to base 13
507059
Convert 11220221102110 (base 3) to base 6.
132030150
Convert -426748 (base 9) to base 16.
-3e15f
Convert -1671d (base 14) to base 15.
-11a1e
1100002101120 (base 3) to base 5
140212311
What is -134c696 (base 14) in base 16?
-8e60dc
What is 43031301 (base 5) in base 10?
361451
What is 55464 (base 13) in base 10?
154548
What is 123179 (base 16) in base 3?
2020120112202
Convert 8188317 (base 9) to base 6.
233351324
25592 (base 16) to base 8
452622
What is 121110000212100 (base 3) in base 13?
1a70138
What is 463260 (base 7) in base 9?
135523
Convert -1021052 (base 9) to base 14.
-102a4b
Convert -618f3e (base 16) to base 14.
-bc60a2
What is 102202120111 (base 3) in base 8?
704127
What is -34250310 (base 7) in base 13?
-807771
What is -92b46 (base 13) in base 9?
-441232
What is 2152232 (base 9) in base 5?
244001020
Convert -10110101011000000111 (base 2) to base 3.
-1101202002112
39317b (base 12) to base 11
591161
What is 216551 (base 10) in base 14?
58cbd
What is -3114341 (base 6) in base 16?
-24a15
Convert -7010272 (base 9) to base 4.
-32031320123
What is 1460023 (base 10) in base 3?
2202011202221
-102220112022 (base 3) to base 14
-615c7
What is 299b06 (base 12) in base 16?
ab3f6
Convert 4026525 (base 7) to base 8.
1645030
What is -22000110211222 (base 3) in base 5?
-2042322041
Convert -44105612 (base 7) to base 9.
-7106102
What is 2101443 (base 6) in base 7?
601563
What is -62958 (base 12) in base 2?
-11111100011010100
-1130304331 (base 5) to base 9
-4774166
Convert 13606212 (base 7) to base 6.
43231333
Convert 3041203 (base 6) to base 3.
21101111210
What is 530215 (base 7) in base 3?
11122022021
-1515692 (base 11) to base 8
-11724033
What is 177a93 (base 11) in base 6?
5513143
Convert b3d7c2 (base 15) to base 12.
2a44348
What is -10123231 (base 4) in base 10?
-18157
Convert -1023533453 (base 6) to base 8.
-51217011
-270377 (base 8) to base 2
-10111000011111111
What is 69873 (base 15) in base 8?
1220241
Convert -220332110 (base 4) to base 7.
-1266203
59d73 (base 14) to base 13
78b4b
Convert 224063631 (base 7) to base 6.
1204502443
What is 20473 (base 11) in base 8?
72226
What is 508015 (base 9) in base 7?
2362550
93283 (base 10) to base 16
16c63
803480 (base 12) to base 5
1002342022
What is -7267020 (base 11) in base 13?
-286b434
Convert e18514 (base 16) to base 7.
236424261
What is 50153205 (base 6) in base 11?
886946
What is -52100143 (base 7) in base 16?
-42adec
Convert -1000011011010001011 (base 2) to base 3.
-112000202012
-57a52 (base 14) to base 2
-110100000101001000
Convert 92583 (base 12) to base 15.
3b869
Convert -1534135 (base 6) to base 15.
-1bb82
Convert 33024216 (base 7) to base 2.
1010110010111000100101
What is -13f7ca (base 16) in base 9?
-2414070
What is 111100000010011011001 (base 2) in base 9?
3627582
What is -33421 (base 9) in base 15?
-68ad
Convert 1605887 (base 12) to base 13.
c1224a
-412212 (base 5) to base 14
-4c76
What is -1230340 (base 7) in base 10?
-158641
Convert -10152b2 (base 13) to base 4.
-102210030112
1775612 (base 9) to base 2
11110010111000100101
-12140223323 (base 5) to base 4
-312313131303
What is 246150 (base 8) in base 15?
1a331
31004142 (base 5) to base 12
100bab
-57ccb1 (base 13) to base 15
-2b2b53
20020221202202 (base 3) to base 15
45a51e
Convert 543a40 (base 11) to base 15.
12277b
What is 4ddeeb (base 15) in base 9?
7034225
Convert -110000110111011110 (base 2) to base 12.
-979ba
What is -72687b (base 13) in base 11?
-1564689
What is -2a7d32 (base 14) in base 7?
-15410362
16126043 (base 8) to base 14
6c9759
Convert 62254206 (base 7) to base 11.
2a48674
What is -6c0ed (base 15) 